 tens digit of ((-4)/(12/(-41)))/(2/48)?
2
Let b(g) = -3*g**2 - 55*g - 16. Let y be b(-18). Let v(o) = 7*o**2 + 4. Let j be v(-3). Suppose i = y*i - j. What is the units digit of i?
7
What is the units digit of 218800/208 - 1/(-13)?
2
Let a(x) = -2*x - 11. Let f be a(-7). Suppose f*z + 24 + 0 = 0. What is the units digit of (-12)/48 - 242/z?
0
Let u be -23 + 2*(-1)/2. Let y(p) = -2*p**3 - 2*p**2 + 6*p - 3. Let t be y(2). What is the units digit of u/(-10)*(-350)/t?
6
Let w(j) = -11 - 11*j**2 - 14*j - j**3 - 10*j**2 + 18*j**2. What is the hundreds digit of w(-5)?
1
What is the hundreds digit of 0 - (2 + -4) - (-11 - 2356)?
3
Let t = -256 + 566. What is the units digit of t?
0
Let o(j) = -58*j - 1. Let f be o(-1). Suppose 2*x + 55 = 3*i - 48, -f = -2*i - x. What is the units digit of i?
1
Let c = 6 + 6. Suppose -c = h - 4*h. Suppose -2*l - 45 = -3*d + 21, 0 = h*d + l - 77. What is the tens digit of d?
2
Suppose 0 = -7*p - 0 - 63. Let f = p - -164. What is the hundreds digit of f?
1
Let h(f) = 714*f**2 - 38*f - 84. What is the tens digit of h(-2)?
4
Let g(q) be the third derivative of -q**5/60 + 5*q**4/6 - q**3/3 + 2*q**2. What is the tens digit of g(14)?
8
What is the units digit of (-37331)/(-28) - (30/24)/5?
3
Let j(n) = -n**3 + 25*n**2 + 51*n - 30. What is the hundreds digit of j(26)?
6
Suppose -2*t - 4*l = -710, -15*t + 3*l - 1420 = -19*t. What is the tens digit of t?
5
Let b(y) = -y**3 + 7*y**2 + y - 16. Suppose g + 17 = 4*w, -7*g + 4*g + 17 = 5*w. What is the units digit of b(w)?
6
Let n = 528 + -64. Suppose n = 46*k - 42*k. What is the tens digit of k?
1
Suppose -i + 2200 = 2*r, 4*i - 23*r + 28*r - 8815 = 0. What is the hundreds digit of i?
2
Let r be 0*3/(-5 - 1). Let o be (2 - (-3 + r)) + -3. Suppose o*x = -x + 54. What is the tens digit of x?
1
Suppose -2*y - 4673 = -5*k, -4685 = -37*k + 32*k + 5*y. What is the tens digit of k?
3
Let b(i) = -i**2 + 11*i + 8. Let t be b(11). Let h = t + 1. Suppose 4*r - 1 = 5*r, y + r - h = 0. What is the units digit of y?
0
Let f = 3512 - 2480. What is the units digit of f?
2
Suppose 9*a - 8*a - 16 = 0. Suppose 4*k = 4*i + 3*k - 4, -5*i - 4*k = a. Suppose -96 - 22 = -3*r - 2*h, -5*r - 4*h + 200 = i. What is the units digit of r?
6
Suppose -t = 4*i - 2 - 9, 5*i = 4*t + 19. What is the units digit of 247/i - ((-4)/3)/(-4)?
2
Suppose -w + 6 = w. Suppose v + w*l + 9 = 0, -2*v + 5*l = -v - 23. Let t(o) = o**3 - 2*o**2 + 2*o + 4. What is the units digit of t(v)?
9
Suppose -6*v - 599 + 53 = 0. Let w = v - -149. What is the tens digit of w?
5
Suppose -f - 32 = -9*f. Suppose 173 = f*r - 59. What is the units digit of r?
8
Suppose 2*v + 18 = -2*r, 2*v - 4*v - r - 14 = 0. What is the units digit of (-180)/16*(1 + v)?
5
Let p(f) = -f**3 + 3*f**2 + 2*f - 6. Let q be p(3). Suppose q = -3*y + 5*t + 148, -5*y + 2*t + 234 = -0*t. What is the tens digit of y?
4
Suppose 6*b - 8 = 2*b. Let k(r) = b*r + r - 2*r - 12. What is the units digit of k(13)?
1
Let v = -57 - -109. Let n = v + -23. What is the tens digit of n?
2
Suppose 0 = -2*s - 4, s - 2 = 2*n + 2*s. Suppose -x - 2 = n, 5*c = -5*x + 23 + 207. What is the tens digit of c?
4
Let z = -56 + 59. Suppose x - 4*k = 143 - 0, -z*x - 5*k + 429 = 0. What is the units digit of x?
3
Suppose -82 = -5*n + 7*n. Let y = -27 - n. What is the units digit of y/(2/(-4)*-2)?
4
Let v = 1080 + -722. What is the units digit of v?
8
Let y(q) be the first derivative of q**3/3 + 5*q**2/2 + 14*q - 15. What is the tens digit of y(5)?
6
Suppose 0 = 3*x - 2*x, -5*x = -p. Suppose -5*i - 15 = p, -4*i - 80 = -r - 0*i. What is the tens digit of r?
6
Let z(j) = 7*j**2 - j - 38. What is the units digit of z(-6)?
0
Let b(o) = 5*o**2 + 9*o + 10. Let s be 60/(-4)*(-3)/(-9). What is the tens digit of b(s)?
9
Let v(q) = 3*q**2 + 4*q. Let m(j) = -j**3 - 15*j**2 + 2*j + 27. Let l be m(-15). What is the tens digit of v(l)?
1
Let h = 690 - 493. Let b = -32 + h. What is the hundreds digit of b?
1
Let q be (-3)/21 + 3198/42. What is the tens digit of (-1 + q - 2) + 1/(-1)?
7
Suppose -115*a = -122*a + 1603. What is the units digit of a?
9
Let g(a) = a**2 + 2*a + 1. Suppose -4*s + 2*s - 18 = 0. Let i = s - -5. What is the units digit of g(i)?
9
Let m = -91 - -91. Suppose -n - 2 = 0, -5*k + 3*k - 5*n + 276 = m. What is the tens digit of k?
4
Suppose 0 = -0*s - 4*s - 2*v - 18, 4 = 3*s + 5*v. What is the tens digit of (-7)/(-49) - 601/s?
8
Let z be (-8 - -8) + (1 - 43). Let a = 106 + z. Let h = -4 + a. What is the tens digit of h?
6
Let n be 2708/26 + 26/(-169). Let r = 246 - n. Suppose r = 5*t - k, -4*t = -2*k - 92 - 18. What is the tens digit of t?
2
Suppose 0 = 5*d - 14105 + 720. What is the tens digit of d?
7
Suppose -5*b = 5*b - 5860. Suppose 7*t - 1811 = -b. What is the units digit of t?
5
Let t = 2557 - 716. What is the units digit of t?
1
Let o = 13 - 11. Suppose 3*y - y - 144 = o*v, v - 228 = -3*y. What is the tens digit of y?
7
Suppose -11*d = -7*d - 180. Suppose -4*n + d = -415. What is the tens digit of n?
1
Suppose -4*i = -x - 18, 4*i - 11 + 1 = -3*x. Suppose -4*o + 4*p = -6*o + 86, 0 = -i*p. What is the units digit of o?
3
Let q(v) = -v**2 - 2*v - 1. Let u(d) = -5*d**2 - 11*d - 5. Let t(w) = q(w) - u(w). What is the units digit of t(-9)?
7
Let d(s) = -s**3 - 4*s**2 + 4*s - 5. Let t be d(-5). Suppose t*k - k = -69. What is the units digit of k?
9
Let x(k) = 4*k**2 - 5*k**2 - 2 + 3 - k**2. Let o be x(1). What is the units digit of 39/(-5)*5/o?
9
Suppose 1755 = 4*p - 2469. What is the tens digit of p?
5
Let g(u) = 49*u**3 - 12*u**2 + 4*u + 2. What is the tens digit of g(4)?
6
Suppose -f - 2*f = 0. Let n be (-7 - f)/(-1 - 0). What is the units digit of (-20 - -1)*(-9 + n)?
8
Suppose 1755 = 3*i - 5*l, -3*i - 4*l + 2736 - 1008 = 0. What is the hundreds digit of i?
5
Let n(w) = -2*w**3 + 6*w**2 - 8*w + 45. What is the thousands digit of n(-10)?
2
Suppose 3*m = -4*t + 19 - 4, -25 = -2*t - 5*m. Suppose 5*c - 2 = -t*c - 3*d, -3*c = -d + 10. What is the tens digit of (1 + c)/(5/(-100))?
2
Let o be (-14)/(-91) - 304/(-52). Suppose o*x = -371 + 1361. What is the tens digit of x?
6
Suppose -4*k + 3*k + 2*r = -3, -k + r = 0. Let b(m) be the first derivative of 2*m**3/3 - m**2/2 + 4*m - 1. What is the tens digit of b(k)?
2
Let x(i) = 20*i + 4. Let z be x(-11). Let a be -1 + z/4 + -1. Let l = -32 - a. What is the tens digit of l?
2
Let m(r) = r**2 - 7*r + 9. Let l be m(6). Suppose 3*a + 9 = 4*a - l*f, 0 = -a + 5*f + 3. What is the units digit of a?
8
Suppose 37*l - 38*l + 219 = 0. Suppose 3*o + 89 - 293 = -2*u, 0 = 3*o - 3*u - l. What is the units digit of o?
0
Let m = 2324 + -1945. What is the tens digit of m?
7
Let c(u) = u**2 - 22*u - 20. Let z be c(22). Let f = z + 25. What is the units digit of f?
5
Let q = 84 + 464. Suppose -74 + q = 3*a. What is the hundreds digit of a?
1
Let v = 494 + 581. What is the tens digit of v?
7
Let x(r) = 19*r**2 + 8*r - 4. What is the units digit of x(4)?
2
Suppose -h + 3*h - 50 = 0. Let u = h + -65. What is the units digit of 2/(-10) - 168/u?
4
Let c(h) = 809*h + 15. What is the hundreds digit of c(2)?
6
Let g(a) = -525*a**3 - 10*a - 11. What is the hundreds digit of g(-1)?
5
Let u(z) = z**3 - 8*z**2 - 7*z - 12. Let o be u(9). Suppose -q = -o*q + 15. Suppose -5*l + 33 = n, -35 = -q*n - 2*l + 3*l. What is the units digit of n?
3
Let d(k) = 1 - 2*k**2 + 3*k**2 + 2*k**2 + 4*k**2. What is the units digit of d(-1)?
8
Suppose -165 + 41 = 3*l - 2*a, 3*a = 3*l + 126. What is the units digit of (-10)/l + 670/8?
4
Let p(q) = 4*q**2 + 11*q + 15. What is the tens digit of p(-10)?
0
Let t(x) = 55*x - 5. Let v be t(2). Suppose 0 = 4*l + 4*s + 9 - v, -5*s = 3*l - 72. What is the units digit of l?
4
What is the tens digit of ((-39)/(-30) + 8/40)*66?
9
Let n = 154 + -93. What is the units digit of n?
1
Suppose 0 = -2*n - 2, -4*l - n = 60 - 7. Let o = l + 11. What is the tens digit of -57*(4 + -3 + o)?
5
Let p = 2215 - 2094. What is the tens digit of p?
2
Let m = 2818 - 1842. What is the hundreds digit of m?
9
Suppose -11*t + 12*t - 6 = 0. Suppose 5*s - 471 = -t. Suppose 4*u = 5*j + s, 4*u + u + 5*j = 105. What is the tens digit of u?
2
Let c = 1 - 5. What is the units digit of (14/c)/(26/(-676))?
1
Suppose -996 + 13098 = 6*t. What is the thousands digit of t?
2
Let u be -3 + 2 + 6 - 0. Suppose -5